98, 3*d = p + 100. Suppose 0 = 33*v - d*v + 61. What are the prime factors of v?
61
What are the prime factors of (-4208)/(-7) + ((-4)/2)/14?
601
Let s = 18 + 1. Let m = 225 + -223. Let d = s - m. What are the prime factors of d?
17
Let d(o) = -2*o + 1. Let u be d(-1). Suppose 2*j - u = 17. Suppose 12*b - j*b - 46 = 0. What are the prime factors of b?
23
Let o be -3 + (-1)/(1/(-5)). Suppose 2*b + o = -0. What are the prime factors of b/(2 - (-83)/(-41))?
41
Let j be 34/(-187) - (-134)/11. Let z(k) = k**3 - 13*k**2 + 18*k - 14. What are the prime factors of z(j)?
2, 29
Let p = -1 - -6. Suppose p*v + 8 = 9*v. List the prime factors of (14/(-21))/(v/(-36)).
2, 3
Let z = -38 + 19. Let p = -13 - z. Suppose 60 = p*h - h. What are the prime factors of h?
2, 3
Let c(w) = 34*w**2 + 9*w - 21. What are the prime factors of c(3)?
2, 3, 13
Suppose 0*v - 2 = -2*v. Let l(a) = 11*a - 5*a + v - 4*a. What are the prime factors of l(2)?
5
Let k = -774 + 1632. List the prime factors of k.
2, 3, 11, 13
Let u(t) = 15*t**2 - 21*t - 4. Let q(b) = 8*b**2 - 11*b - 2. Let y(o) = -11*q(o) + 6*u(o). List the prime factors of y(6).
2, 5
Suppose -5*k + 40 = -0. Suppose 3*d - 23 + k = 0. What are the prime factors of d?
5
Let s = -6 + 12. Suppose -s = m - 2*m. List the prime factors of (9/m)/((-3)/(-64)).
2
Let s(r) = -604*r - 6. Let o be s(1). Let u = 858 + o. What are the prime factors of u?
2, 31
Let r = 592 + -208. Suppose 4*z + 3*l = z + 228, -l = 5*z - r. List the prime factors of z.
7, 11
List the prime factors of -501*(63/(-27) + 2).
167
Let q = 473 - 363. List the prime factors of q.
2, 5, 11
What are the prime factors of (-3 - (-15)/6)/(1/(-4410))?
3, 5, 7
Let t(m) be the second derivative of -m**5/20 - m**4/6 + m**3/6 + 4*m**2 - 3*m. Suppose -4*l - 13 - 3 = 0. What are the prime factors of t(l)?
2, 3
Suppose -5*b + 28 = 4*z - 5, -3*b + 9 = -3*z. Suppose -z*a = a - 15. Suppose -f + 59 = 2*q, 19 = q + a*f - 33. List the prime factors of q.
3
Let s = -202 + 204. Let r be 1 + 2/((-2)/(-3)). List the prime factors of s - (2 + -13 + r).
3
Suppose -3*y + 2*x = -1824, 0 = 4*x - 11 - 1. List the prime factors of y.
2, 5, 61
Let n(c) = c**2 - c + 24. Let o be n(0). Let j = o + -27. What are the prime factors of (-12)/(9/j) + 10?
2, 7
Suppose -3*b = -4*n - 374, 2*b + 2*n + 642 = 7*b. Suppose -5*j + b = -5*q, -5*q + 0*q - 94 = 4*j. Let l = q - -40. What are the prime factors of l?
2, 3
Let v = 36 - 27. Let s = v + -3. What are the prime factors of s?
2, 3
Suppose 0 = -27*v + 60*v - 68871. List the prime factors of v.
2087
Suppose -6*v + 1478 = -826. What are the prime factors of v?
2, 3
Suppose -134 = -2*v - 4*n, n + 47 = v - n. Suppose r - v = -2*f, 2*r - 57 = r - f. What are the prime factors of r?
3, 19
Let t(f) = 28*f. Let w be t(1). Suppose -g + 7*i - 3*i = -12, -4*g = 4*i - w. Let k = 10 + g. What are the prime factors of k?
2, 3
Suppose 3*m - 4*b - 490 - 1669 = 0, 1439 = 2*m - 3*b. What are the prime factors of m?
7, 103
What are the prime factors of ((-21195)/8)/(-3) + 111/(-888)?
883
Suppose a - 6 = -3*a - 5*j, j + 14 = 3*a. Let q(n) be the third derivative of n**5/60 - n**4/8 + n**3/2 + 9*n**2. What are the prime factors of q(a)?
7
Let q(x) = -x - 2. Let v(m) = -m**2 - 5*m + 2. Let z be v(3). Let r = -32 - z. List the prime factors of q(r).
2
Let y = -523 - -768. List the prime factors of y.
5, 7
Let u(r) = r - 3. Let w be u(7). Let t be ((-5)/5 - 0)*0. Suppose 2*n = s - 39, t*s - 2*s = w*n - 110. What are the prime factors of s?
47
Let j(b) = 2*b + 11. Let a be j(-8). Let q = a - 3. What are the prime factors of ((-12)/q)/(9/24)?
2
Suppose 8*j = 16*j - 824. List the prime factors of j.
103
Suppose 0 = -r - 0 + 213. Suppose -4*m + 4*i = -8, m = -2*m + i + 16. Suppose 4*n = m*n - r. What are the prime factors of n?
71
Suppose -137*i + 145*i = 25952. What are the prime factors of i?
2, 811
List the prime factors of (-1 + 134 + -1)*(-124)/(-186).
2, 11
Suppose 0*o = -2*o - 14. Let t = 3 + 7. Let m = t + o. List the prime factors of m.
3
Let c(z) = z**2 - 24*z - 220. List the prime factors of c(-19).
3, 199
List the prime factors of -1 + (0 - -3) - 436/(-4).
3, 37
Let w(x) = -x + 7. Let t be w(-6). Let b = t + -11. Suppose 42 = b*s - 22. List the prime factors of s.
2
Let c(s) = s**3 - s**2 + 158. Let d be c(0). Suppose j + 3*q - d = 2*q, 790 = 5*j + 4*q. List the prime factors of j.
2, 79
Suppose -194 = 4*d - 998. What are the prime factors of d?
3, 67
Let y be (6/8)/((-5)/20) - -19. Let x(d) = -d**2 + 22*d - 9. What are the prime factors of x(y)?
3, 29
Suppose 0*j = -4*j + 20. Suppose -30 = -j*f + 180. What are the prime factors of f?
2, 3, 7
Suppose -4*a + 2*y + 3814 = 0, -a - 2*y + 532 + 424 = 0. What are the prime factors of a?
2, 3, 53
Let p(s) = 3*s - 16. Let h be p(3). What are the prime factors of 127 - (h - -4) - -3?
7, 19
Suppose 7*u + 25 = 851. List the prime factors of (u + 2)*120/50.
2, 3
Let x be (1 - 832)/(3/(-4)). Suppose -10*i = -x - 372. What are the prime factors of i?
2, 37
Let u = 1723 - 430. What are the prime factors of u?
3, 431
Let r(v) = -v**3 - 2*v**2 - 2*v. Let l be r(-2). List the prime factors of (36/(-16))/9 + 421/l.
3, 5, 7
Let y = -73 - -218. What are the prime factors of y?
5, 29
Let t(j) = j**2 + j - 16. Let f be t(-5). Suppose 0 = -f*r + 2*r + 242. What are the prime factors of r?
11
Let q(a) = -7*a - 19. Let w be q(-3). List the prime factors of -2 + (-2)/w - (-122 - 13).
2, 3, 11
What are the prime factors of -208*(-3 + 0)/((-20)/(-5))?
2, 3, 13
Let o = 581 + 0. What are the prime factors of o?
7, 83
Let r(q) = -q**2 - 5*q + 2. Let d be r(-3). Let a = 8 - d. Suppose 4*i - 7*i + 27 = a. List the prime factors of i.
3
Suppose -p + 3*p = -h - 97, -3*p - 165 = -5*h. Suppose -4*l = -0*l + 364. Let f = p - l. What are the prime factors of f?
41
Suppose -3*u - 4*b + 2782 = 0, b + 2762 = 28*u - 25*u. What are the prime factors of u?
2, 461
Suppose -w + 86 + 83 = 0. What are the prime factors of w?
13
Suppose 5*g - 45 = 5*d, 5*g + 3*d = 5*d + 54. Suppose -4*y + k + 84 = -3*k, -y + g = 2*k. List the prime factors of y.
2, 3
Let i(p) = p**3 - 4*p**2 + p - 2. Let c be i(4). Suppose b = -3*b - c*r + 264, -r = 4. What are the prime factors of b?
2, 17
Let x(a) = -a**3 + 6*a**2 - 2*a + 1. Let s be x(5). Suppose -2*k - s = -6*k. Suppose k*n - 100 = -0*n. What are the prime factors of n?
5
Suppose 0 = 3*p - 26 + 20. Suppose p*c - 24 = 82. What are the prime factors of c?
53
Let h(g) be the first derivative of 5*g**4/24 + 3*g**3/2 + g**2/2 + 4. Let y(b) be the second derivative of h(b). What are the prime factors of y(8)?
7
Let i be 1/(-2) - 11913/(-22). Suppose -6*b = -287 - i. List the prime factors of b.
2, 3, 23
Let h(n) = 2*n**3 - 5*n**2 + n + 3. Let a be h(3). Let o = -15 + a. Suppose 5*j + 2 - 12 = o. List the prime factors of j.
2
Suppose 0 = 17*j - 7763 - 5089. What are the prime factors of j?
2, 3, 7
Let x = 407 - -121. What are the prime factors of x?
2, 3, 11
Suppose 0*f + 8880 = 4*f + 5*n, -2*n - 11067 = -5*f. List the prime factors of f.
5, 443
Let g = -43 - -256. What are the prime factors of g?
3, 71
Suppose 23 = 4*s + 7. Suppose -2*k + s*k = -4. Let j = k + 6. List the prime factors of j.
2
Suppose q = -2*p - 3*q + 582, 0 = 4*p - 4*q - 1200. Let u = -208 + p. What are the prime factors of u?
89
Let b(g) = -20*g - 4. Let f(p) = -p - 1. Let z(q) = 2*b(q) - 14*f(q). Let r be z(-3). List the prime factors of (r/(-10))/(18/(-60)).
2, 7
Suppose -5*d - 3*p + 1161 = -4498, 4538 = 4*d - 3*p. What are the prime factors of d?
11, 103
Let p = 100 + 6. Suppose d + 3*m = 27, -5*d + m = 3 - p. What are the prime factors of d?
3, 7
Let m(p) = 2*p**2 - 3*p + 10. Let w(o) = o**3 + 6*o**2 + 5*o + 10. Let x be w(-5). List the prime factors of m(x).
2, 3, 5
What are the prime factors of (882/(-5))/(41/(-820))?
2, 3, 7
What are the prime factors of 3 + 2817/(10 + -7)?
2, 3, 157
Suppose 17*f - 18*f = 60. Let k = 333 + f. What are the prime factors of k?
3, 7, 13
Suppose 3*s = 3*b - 954, b - 91 = 3*s + 233. List the prime factors of b.
3, 5, 7
Suppose -2075*b = -2090*b + 92655. List the prime factors of b.
3, 29, 71
Let x be 3 + 4/(-4) + 2. Suppose -r = -5*h + 423, -5*h + x*r + 136 = -296. Suppose 2*p = p - 2*q + 26, -h = -3*p - 4*q. What are the prim